{"id":801,"date":"2015-08-22T00:11:26","date_gmt":"2015-08-22T00:11:26","guid":{"rendered":"http:\/\/obandocardenas.com\/web\/?page_id=801"},"modified":"2015-12-16T01:32:21","modified_gmt":"2015-12-16T01:32:21","slug":"abogados","status":"publish","type":"page","link":"https:\/\/obandocardenas.com\/web\/abogados\/","title":{"rendered":"Abogados"},"content":{"rendered":"<p>[vc_row parallax=\u00bb\u00bb parallax_image=\u00bb\u00bb fullwidth=\u00bbno\u00bb][vc_column width=\u00bb1\/1&#8243; wap_class=\u00bb\u00bb][vc_column_text]<\/p>\n<p>Nuestra larga trayectoria en el ejercicio del derecho y el alto grado de especialidad de nuestro equipo de trabajo hace que nuestra firma cuente con la experiencia, profesionalizaci\u00f3n y conocimiento espec\u00edfico suficiente para atender las necesidades jur\u00eddicas de los negocios de nuestros clientes.<\/p>\n<p>[\/vc_column_text][\/vc_column][\/vc_row][vc_row parallax=\u00bb\u00bb parallax_image=\u00bb\u00bb fullwidth=\u00bbno\u00bb][vc_column width=\u00bb1\/2&#8243; wap_class=\u00bb\u00bb][vc_single_image image=\u00bb1000&#8243; border_color=\u00bbgrey\u00bb img_link_large=\u00bb\u00bb img_link_target=\u00bb_self\u00bb img_size=\u00bbmedium\u00bb alignment=\u00bbcenter\u00bb][vc_column_text]JAIME OBANDO VELASCO (Q.E.P.D.)\u00a0 &#8211; Socio Fundador Obando C\u00e1rdenas Abogados Asociados. (1973).<\/p>\n<p>Popay\u00e1n, Abril 1 de 1930.\u00a0 Doctor en Derecho y Ciencias Pol\u00edticas de la Universidad del Cauca (1953), especializado en Derecho Administrativo, Aeron\u00e1utico y Comercial.<\/p>\n<p>Cargos desempe\u00f1ados:\u00a0 Alcalde de Popay\u00e1n (1953-1955), Secretario Administrativo del Ministerio de Educaci\u00f3n Nacional (1956-1957), Presidente Asociaci\u00f3n Nacional de Radio ANRADIO (1973-1976), Miembro Juntas Directivas de Compa\u00f1\u00edas de Seguros, Metalmec\u00e1nicas y Hoteleras. Delegado observador en m\u00faltiples reuniones de consulta ante Autoridades Aeron\u00e1uticas Internacionales con el Gobierno Nacional.[\/vc_column_text][\/vc_column][vc_column width=\u00bb1\/2&#8243; wap_class=\u00bb\u00bb][vc_single_image image=\u00bb1001&#8243; alignment=\u00bbcenter\u00bb border_color=\u00bbgrey\u00bb img_link_large=\u00bb\u00bb img_link_target=\u00bb_self\u00bb img_size=\u00bbmedium\u00bb][vc_column_text]TULIO CARDENAS GIRALDO &#8211; Socio Fundador de Obando C\u00e1rdenas Abogados Asociados. (1973).<\/p>\n<p>Buga (Valle), Septiembre 25 de 1948.\u00a0 Doctor en Derecho de la Universidad Santo Tom\u00e1s de Bogot\u00e1 (1972), Postgrado en Derecho Comercial en la Universidad del Rosario.\u00a0 Cursos de especializaci\u00f3n en Derecho de Familia, Procedimiento Civil, Propiedad Intelectual, Derechos de Autor y Contrataci\u00f3n Administrativa. Arbitro de la C\u00e1mara de Comercio de Bogot\u00e1.<\/p>\n<p>Cargos Desempe\u00f1ados: Departamento Jur\u00eddico de la Alcald\u00eda de Bogot\u00e1 (1972), Miembro Juntas Directivas de compa\u00f1\u00edas de Medios de Comunicaci\u00f3n, Floricultura y Productos Alimenticios. Arbitro de la C\u00e1mara de Comercio de Bogot\u00e1. Miembro Colegio de Abogados Comercialistas.[\/vc_column_text][\/vc_column][\/vc_row][vc_row parallax=\u00bb\u00bb parallax_image=\u00bb\u00bb fullwidth=\u00bbno\u00bb][vc_column width=\u00bb1\/2&#8243; wap_class=\u00bb\u00bb][vc_single_image image=\u00bb998&#8243; alignment=\u00bbcenter\u00bb border_color=\u00bbgrey\u00bb img_link_large=\u00bb\u00bb img_link_target=\u00bb_self\u00bb img_size=\u00bbmedium\u00bb][vc_column_text]PATRICIA CASTRO DE CARDENAS &#8211; Socia Obando C\u00e1rdenas Abogados Asociados. (1985).<\/p>\n<p>Tunja (Boyac\u00e1), Julio 27 de 1949, Doctora en Derecho de la Universidad Santo Tom\u00e1s de Aquino de Bogot\u00e1 (1972). Postgrado en Ciencias Penales y Criminol\u00f3gicas en la Universidad Externado de Colombia.<\/p>\n<p>Cargos Desempe\u00f1ados:\u00a0 Juez Penal Municipal de Bogot\u00e1 (1973-1975), Juez de Instrucci\u00f3n Criminal de Bogot\u00e1 (1975-1980), Juez Penal del Circuito de Bogot\u00e1 (1980-1985), Juez Superior (1983), Conjuez Tribunal Superior de Bogot\u00e1, Tribunal Nacional y del Consejo Seccional de la Judicatura (desde 1986), Conjuez de la Sala Penal de la Corte Suprema de Justicia (desde 2001), Catedr\u00e1tica de la Universidad de los Andes, Sergio Arboleda \u00a0y Santo Tom\u00e1s de Aquino. Fiscal Delegada Ante la Corte Suprema de Justicia.[\/vc_column_text][\/vc_column][vc_column width=\u00bb1\/2&#8243; wap_class=\u00bb\u00bb][vc_single_image image=\u00bb1003&#8243; alignment=\u00bbcenter\u00bb border_color=\u00bbgrey\u00bb img_link_large=\u00bb\u00bb img_link_target=\u00bb_self\u00bb img_size=\u00bbmedium\u00bb][vc_column_text]FELIPE CARDENAS CASTRO &#8211; Socio Obando C\u00e1rdenas Abogados Asociados (2004).<\/p>\n<p>Bogot\u00e1, marzo 28 de 1979, Abogado de la Pontificia Universidad Javeriana (2003). Master in Business Administration (MBA) &amp; Sports Management, Escuela de Administraci\u00f3n de Empresas de Barcelona, Espa\u00f1a (2006). Especialista en Derecho Deportivo y del Entretenimiento, Propiedad Intelectual, Derecho de Autor, Derecho Corporativo, negociaci\u00f3n y conciliaci\u00f3n.<\/p>\n<p>Cargos desempe\u00f1ados: Director del departamento de Derecho Deportivo y del Entretenimiento y del \u00e1rea de atenci\u00f3n a clientes internacionales, asesor jur\u00eddico de productoras audiovisuales, federaciones, ligas y clubes deportivos,\u00a0 artistas, deportistas y \u00a0managers. Parte del equipo de trabajo del departamento de derecho comercial y corporativo, propiedad intelectual y derecho de autor. Miembro Fundador y Vicepresidente de la Asociaci\u00f3n Colombiana de Derecho Deportivo (ACODEPOR)[\/vc_column_text][\/vc_column][\/vc_row]<\/p>\n","protected":false},"excerpt":{"rendered":"<p>[vc_row parallax=\u00bb\u00bb parallax_image=\u00bb\u00bb fullwidth=\u00bbno\u00bb][vc_column width=\u00bb1\/1&#8243; wap_class=\u00bb\u00bb][vc_column_text] Nuestra larga trayectoria en el ejercicio del derecho y el alto grado de especialidad de nuestro equipo de trabajo hace que nuestra firma cuente con la experiencia, profesionalizaci\u00f3n y conocimiento espec\u00edfico suficiente para atender las necesidades jur\u00eddicas de los negocios de nuestros clientes. [\/vc_column_text][\/vc_column][\/vc_row][vc_row parallax=\u00bb\u00bb parallax_image=\u00bb\u00bb fullwidth=\u00bbno\u00bb][vc_column width=\u00bb1\/2&#8243; wap_class=\u00bb\u00bb][vc_single_image [&hellip;]<\/p>\n","protected":false},"author":1,"featured_media":0,"parent":0,"menu_order":0,"comment_status":"closed","ping_status":"closed","template":"","meta":{"footnotes":""},"class_list":["post-801","page","type-page","status-publish","hentry"],"_links":{"self":[{"href":"https:\/\/obandocardenas.com\/web\/wp-json\/wp\/v2\/pages\/801","targetHints":{"allow":["GET"]}}],"collection":[{"href":"https:\/\/obandocardenas.com\/web\/wp-json\/wp\/v2\/pages"}],"about":[{"href":"https:\/\/obandocardenas.com\/web\/wp-json\/wp\/v2\/types\/page"}],"author":[{"embeddable":true,"href":"https:\/\/obandocardenas.com\/web\/wp-json\/wp\/v2\/users\/1"}],"replies":[{"embeddable":true,"href":"https:\/\/obandocardenas.com\/web\/wp-json\/wp\/v2\/comments?post=801"}],"version-history":[{"count":10,"href":"https:\/\/obandocardenas.com\/web\/wp-json\/wp\/v2\/pages\/801\/revisions"}],"predecessor-version":[{"id":1005,"href":"https:\/\/obandocardenas.com\/web\/wp-json\/wp\/v2\/pages\/801\/revisions\/1005"}],"wp:attachment":[{"href":"https:\/\/obandocardenas.com\/web\/wp-json\/wp\/v2\/media?parent=801"}],"curies":[{"name":"wp","href":"https:\/\/api.w.org\/{rel}","templated":true}]}}