{"id":809,"date":"2015-08-22T00:29:31","date_gmt":"2015-08-22T00:29:31","guid":{"rendered":"http:\/\/obandocardenas.com\/web\/?page_id=809"},"modified":"2025-05-26T09:05:32","modified_gmt":"2025-05-26T14:05:32","slug":"clientes","status":"publish","type":"page","link":"https:\/\/obandocardenas.com\/web\/clientes\/","title":{"rendered":"Clientes"},"content":{"rendered":"<p><strong>OBANDO C\u00c1RDENAS ABOGADOS ASOCIADOS<\/strong><br \/>\nA lo largo de m\u00e1s de 40 a\u00f1os de trayectoria, OBANDO C\u00c1RDENAS \u00a0ABOGADOS ASOCIADOS ha prestado servicios jur\u00eddicos a un sin n\u00famero de clientes, personas naturales y jur\u00eddicas, nacionales y extranjeros, \u00a0entre los cuales se destacan los siguientes :<\/p>\n","protected":false},"excerpt":{"rendered":"<p>OBANDO C\u00c1RDENAS ABOGADOS ASOCIADOS A lo largo de m\u00e1s de 40 a\u00f1os de trayectoria, OBANDO C\u00c1RDENAS \u00a0ABOGADOS ASOCIADOS ha prestado servicios jur\u00eddicos a un sin n\u00famero de clientes, personas naturales y jur\u00eddicas, nacionales y extranjeros, \u00a0entre los cuales se destacan los siguientes :<\/p>\n","protected":false},"author":1,"featured_media":0,"parent":0,"menu_order":0,"comment_status":"closed","ping_status":"closed","template":"","meta":{"footnotes":""},"class_list":["post-809","page","type-page","status-publish","hentry"],"_links":{"self":[{"href":"https:\/\/obandocardenas.com\/web\/wp-json\/wp\/v2\/pages\/809","targetHints":{"allow":["GET"]}}],"collection":[{"href":"https:\/\/obandocardenas.com\/web\/wp-json\/wp\/v2\/pages"}],"about":[{"href":"https:\/\/obandocardenas.com\/web\/wp-json\/wp\/v2\/types\/page"}],"author":[{"embeddable":true,"href":"https:\/\/obandocardenas.com\/web\/wp-json\/wp\/v2\/users\/1"}],"replies":[{"embeddable":true,"href":"https:\/\/obandocardenas.com\/web\/wp-json\/wp\/v2\/comments?post=809"}],"version-history":[{"count":40,"href":"https:\/\/obandocardenas.com\/web\/wp-json\/wp\/v2\/pages\/809\/revisions"}],"predecessor-version":[{"id":1141,"href":"https:\/\/obandocardenas.com\/web\/wp-json\/wp\/v2\/pages\/809\/revisions\/1141"}],"wp:attachment":[{"href":"https:\/\/obandocardenas.com\/web\/wp-json\/wp\/v2\/media?parent=809"}],"curies":[{"name":"wp","href":"https:\/\/api.w.org\/{rel}","templated":true}]}}